*3/3 + 4*i**2 + i + 12. Calculate the remainder when 21 is divided by l(7).
5
Calculate the remainder when 139 is divided by -2 - (-1069)/11 - 14/(-308)*-4.
44
Let w(b) = -b**3 + 8*b**2 - 7*b + 3. Let x be w(7). Suppose -x*j + 17 = -4. Calculate the remainder when (-119)/(-4) - 3 - (-9)/180*5 is divided by j.
6
Suppose -2*z - 19 - 47 = 4*p, -4*p = -3*z + 61. Let q(u) = u**2 + 6*u - 65. What is the remainder when q(p) is divided by 16?
15
Suppose -36 = 2*w - 154. Let q(i) = -4*i**2 - 2*i - 2. Let r be q(-1). What is the remainder when w is divided by (1 + (-5)/(-10))/(r/(-40))?
14
Let z(u) = 38*u**3 + 875*u**2 + 8*u - 173. Let s(g) = g + 5. Calculate the remainder when z(-23) is divided by s(0).
2
Let o = 563 + -255. Suppose -o = -12*m - 44. Calculate the remainder when 85 is divided by m.
19
Let f = -31 + 45. Let s(d) = d**2 - 11*d + 55. Suppose 2*h - 12 = -o, -3*h - 30 = -8*h + o. Calculate the remainder when s(h) is divided by f.
11
Let i(m) = 3*m + 35. Let c be i(-7). Suppose 4*z - 28 = -5*g + 8*z, c = 5*g + 3*z. Calculate the remainder when 26 is divided by g.
2
Let n = -19555 + 19618. Calculate the remainder when 799 is divided by n.
43
What is the remainder when 344 is divided by (-494)/(-5) - (-8)/40?
47
Let z be (-10 + 0)/(2 + -1). Let h be (z - -2) + 3/(-3). What is the remainder when 21 is divided by (-46)/(-8) + h*6/72?
1
Let u be 308/(-364) - (-2)/(-13) - -4. Suppose 3*m - 623 = m - u*v, -4*v + 319 = m. Calculate the remainder when m is divided by 98.
13
Let f(j) = 8*j**3 - j + 2. Calculate the remainder when (-2 - -6) + 1 + (-4)/(4/(-231)) is divided by f(2).
44
What is the remainder when ((-2010)/28 - (-14)/49)/(5/(-190)) is divided by 32?
29
Let c = -1109 - -1259. Calculate the remainder when c is divided by 49.
3
Let r(s) = s + 123. Let c be r(-31). Suppose -5*l - 4*v + c = 0, -2*l - 3*v + 19 + 15 = 0. Calculate the remainder when 136 is divided by l.
16
Let f = 2716 - 2701. Calculate the remainder when 26 is divided by f.
11
Suppose 3*j - 116 = -173. Let y = -11 - j. Suppose 2*l + 20 - 58 = 2*u, 4*l = -4*u + 44. Calculate the remainder when l is divided by y.
7
Let m = -87 + 215. Let r = 88 + m. Calculate the remainder when r is divided by 75.
66
Calculate the remainder when (-10 + 11)/((-2)/(-8)) - 168735/(-21) is divided by 30.
29
Let w be (3/6)/(((-2)/(-2))/30). Suppose 17*i = w*i + 10. Suppose i*m + 70 = 5*d, d - 47 = -2*d + 2*m. Calculate the remainder when 54 is divided by d.
16
Suppose -21 = -11*s - 153. Let l = s - -58. What is the remainder when l is divided by 26?
20
Suppose 0 = -3*t - 5*q + 2578, 15*t = 19*t - q - 3422. Let c = t + -679. What is the remainder when c is divided by 18?
15
Let d = 24 + 11. Let c = -152 - -156. Suppose -y + 549 = k + 3*k, -c*y = -k + 150. Calculate the remainder when k is divided by d.
33
Suppose 0 = -10*r - 534 + 1634. Suppose -26*u + r + 306 = 0. Let g = -33 - -95. What is the remainder when g is divided by u?
14
Let u(i) = 5*i**3 + 7*i**2 - 22*i - 29. Calculate the remainder when u(4) is divided by 29.
25
Suppose 0 = -7*d - 3*d + 670. Let t = -58 + d. Suppose t*s - 10*s + 14 = 0. What is the remainder when 66 is divided by s?
10
Let q(l) = 15*l**2 - 4*l - 2. Let o be q(4). Suppose o = -w + 4*w. Let j = 63 + -24. Calculate the remainder when w is divided by j.
35
Let p be (25/(-5) - -11) + -4. Calculate the remainder when (-508)/(4 - p)*-1 is divided by 43.
39
What is the remainder when (9/15)/(14/2660) is divided by (-18)/24*-58*(-4)/(-6)?
27
Suppose -2*t = -16 + 2. Let k = -10 - -17. Suppose -k*j = -3*j - 96. Calculate the remainder when j is divided by t.
3
Suppose 0*b - b - 2*w = 4, 28 = 2*b - 5*w. Suppose -j + b*k = -16, -2*k + 3*k = -2. Let l(z) = 22*z - 10. Calculate the remainder when l(j) is divided by 42.
40
Suppose 77*v - 36*v = 37*v + 1968. What is the remainder when v is divided by 9?
6
Suppose -30*q = -39*q - 18. Suppose -n + 4*n = 51. Calculate the remainder when n is divided by (-56)/21*3/q.
1
Let g = -3405 + 1525. What is the remainder when 232 is divided by (g/(-80))/((-2)/(-4))?
44
Suppose -40*z = -350 - 50. What is the remainder when 1569 is divided by z?
9
Suppose 3*z + 22 = -w - 8, w = 5*z - 70. What is the remainder when (1 - -5)/(27/288) is divided by w/18*(-44)/5?
20
Suppose 22*x - 6 = 25*x, -4*x - 2756 = -3*a. What is the remainder when a is divided by 103?
92
Let y be ((-6)/(-8) + 1/(-4))*10. Suppose -u = y*z - 66, -5*u + 8 = -7*u. Calculate the remainder when z is divided by (2/2)/((-2)/(-12)).
2
Let l = -6395 - -6411. What is the remainder when 12927 is divided by l?
15
Let a(l) = -l**3 + 4*l**2 - l + 2. Let q(m) = 4*m - 25. Let s be q(7). What is the remainder when 416/14 - (-6)/21 is divided by a(s)?
6
Let o be (2968/52)/7 - 4/26. Let p(i) = -i**3 + 3*i**2 - i + 3. Let d be p(3). Suppose -5*v + 112 + o = d. Calculate the remainder when v is divided by 5.
4
Suppose 5*s = 2*s + 114. Let x(c) = -7*c**2 + 718*c + 329. Calculate the remainder when s is divided by x(103).
18
What is the remainder when 394 is divided by 9 - (7 + 108/(-12))?
9
Let q(a) = -a**3 - 12*a**2 + 32*a + 575. Calculate the remainder when q(-12) is divided by 160.
31
Suppose -2*z - j = -944, -z - 5*j = -6*j - 469. Suppose -4*o + 7*o - 3*p - 693 = 0, -2*o + 5*p = -z. Calculate the remainder when o is divided by 23.
21
Let w = 2434 - 5064. What is the remainder when w/80*4*(0 + -2) is divided by 19?
16
Let f(h) = h**3 - 5*h**2 + 14*h - 5. Let l be f(5). Let p = -70 + l. Calculate the remainder when (-3)/(p + (-576)/(-116)) is divided by 23.
18
What is the remainder when 3/((37/9805)/(2/10)) is divided by (7/(-4))/(15 + 915/(-60))?
5
Suppose 0 = 47*c - 53*c + 30. Suppose 3*i + 260 = 4*q - i, c*i + 20 = 0. Calculate the remainder when q is divided by 33.
28
Let a = -87 - -12. Let f = 103 + a. Let h = -18 + f. What is the remainder when 55 is divided by h?
5
Let k be (-1144)/(-5) + (-28)/(-140). Suppose 3*x + 5*h = -194, -4*x + h = 22 + k. Calculate the remainder when (-4)/(-14) + (-360)/x is divided by 4.
2
Let u be (-1)/(-5) - (-11502)/90. Let h = 145 - u. What is the remainder when h is divided by 9?
8
Let n(a) = -10*a**2 + 53*a - 212. Let t(v) = 3*v**2 - 18*v + 70. Let x(z) = -2*n(z) - 7*t(z). Calculate the remainder when x(9) is divided by 12.
9
Suppose 862 = 7*x + 4*l, -x = 10*l - 6*l - 106. Calculate the remainder when 4155 is divided by x.
123
Let v(h) = 33*h + 3. Let z be v(2). Let p = z + -61. Suppose 5*l - 4 = 7*l, j + 4*l = 12. Calculate the remainder when j is divided by p.
4
Let a(u) = 22*u - 38 - u**2 + 22 + 6. Let n(i) = 14*i**2 + 1. Let q be n(-1). What is the remainder when a(q) is divided by 16?
15
Suppose -31*v - 49*v + 128250 = 15*v. What is the remainder when v is divided by 137?
117
Suppose 0 = -10*k + 8*k - h - 27, -k + h - 9 = 0. Suppose 10 - 35 = -5*p. Calculate the remainder when p is divided by (-50)/k - 145/(-174).
0
Let a = -5764 - -5812. Calculate the remainder when a is divided by 37.
11
Suppose 4*l + 515 = 5*c - l, 4*c - 448 = -5*l. What is the remainder when c is divided by (-6)/(-27) + (-322)/(-9)?
35
Let s = -68 - -50. Let f = 19 + -10. What is the remainder when f is divided by (-20)/(-6) - ((-42)/s + -3)?
1
Suppose 601*v - 615*v + 1890 = 0. Calculate the remainder when v is divided by 48.
39
Let j(u) = 19*u - 20*u - 71 + 17*u. What is the remainder when 26 is divided by j(5)?
8
Let p = -4666 + 6280. What is the remainder when p is divided by 16?
14
Let t = 2443 + -2391. Calculate the remainder when 166 is divided by t.
10
Let k(s) = -20*s + 156 + 161 - s**2 - 309. What is the remainder when k(-9) is divided by 27?
26
Let h(x) = -x**2 + 15*x - 4. Let o be h(11). Suppose 0*z - 5*z - o = 5*t, 0 = 2*t + 6. Calculate the remainder when 53 is divided by 4/(z - -1) - -15.
11
Let m = -30790 - -31732. What is the remainder when m is divided by 89?
52
Suppose x - 2 = -7. Let m be -1*(-10)/x + -75. Let i = -42 - m. Calculate the remainder when 136 is divided by i.
31
Suppose 2*c - 31429 = -0*c + 3*q, 4*c - 62939 = -3*q. Calculate the remainder when c is divided by 21.
20
Let x(b) = -b**3 - 75*b**2 + 74*b + 5. Calculate the remainder when 2377 is divided by x(-76).
22
Suppose -3*x = -2*m + 14, -3*m - 16 = m + 5*x. Let z be -1 + m - (-3 + (-16)/4). Suppose z*b + 2